{"id":1178,"date":"2023-01-09T17:35:03","date_gmt":"2023-01-09T16:35:03","guid":{"rendered":"https:\/\/www.irppsy.com\/?page_id=1178"},"modified":"2023-01-15T23:12:11","modified_gmt":"2023-01-15T22:12:11","slug":"formations-a-lact","status":"publish","type":"page","link":"https:\/\/www.irppsy.com\/index.php\/formations-a-lact\/","title":{"rendered":"Formations \u00e0 L\u2019Act"},"content":{"rendered":"\n<h1 class=\"wp-block-heading\">FORMATIONS &amp; WEBINARS GRATUITS<\/h1>\n\n\n\n<p><strong>Les webinaires gratuits<\/strong>&nbsp;relatifs aux prochaines sessions sont affich\u00e9s sur la page linkedin &nbsp;:<\/p>\n\n\n\n<figure class=\"wp-block-image\"><img decoding=\"async\" src=\"https:\/\/www.irppsy.com\/wp-content\/uploads\/2021\/12\/D1B5B12D-9C6D-40F1-B7CF-5DF3C3248544-e1673273232567.png\" alt=\"Profil linkedin Christophe CAZAUVIEILH\"\/><\/figure>\n\n\n\n<p><a href=\"https:\/\/www.linkedin.com\/company\/irppsy-formation-psychologie\/\">https:\/\/www.linkedin.com\/company\/irppsy-formation-psychologie\/<\/a><\/p>\n\n\n\n<figure class=\"wp-block-image\"><img loading=\"lazy\" decoding=\"async\" width=\"1024\" height=\"577\" src=\"https:\/\/www.irppsy.com\/wp-content\/uploads\/2023\/01\/IRPPSY-TRAINING-Facebook-Cover-1024x577.png\" alt=\"\" class=\"wp-image-1194\" srcset=\"https:\/\/www.irppsy.com\/wp-content\/uploads\/2023\/01\/IRPPSY-TRAINING-Facebook-Cover-1024x577.png 1024w, https:\/\/www.irppsy.com\/wp-content\/uploads\/2023\/01\/IRPPSY-TRAINING-Facebook-Cover-300x169.png 300w, https:\/\/www.irppsy.com\/wp-content\/uploads\/2023\/01\/IRPPSY-TRAINING-Facebook-Cover-768x433.png 768w, https:\/\/www.irppsy.com\/wp-content\/uploads\/2023\/01\/IRPPSY-TRAINING-Facebook-Cover-1536x865.png 1536w, https:\/\/www.irppsy.com\/wp-content\/uploads\/2023\/01\/IRPPSY-TRAINING-Facebook-Cover.png 1640w\" sizes=\"auto, (max-width: 706px) 89vw, (max-width: 767px) 82vw, 740px\" \/><\/figure>\n\n\n\n<p><strong>Les prochaines formations  ACT dispens\u00e9es \u00e0 l\u2019IRPPSY :<\/strong><\/p>\n\n\n\n<p><strong>ACT START (Niv 1) \u2013 Les 27 &amp; 28 F\u00e9vrier 2023 \u2013 Formation \u00e0 distance<\/strong><br><strong>Vous souhaitez commencer \u00e0 pratiquer l\u2019ACT et \u00eatre guid\u00e9 dans votre apprentissage ?&nbsp;<\/strong>La formation originale ACT START vise \u00e0 enseigner les bases th\u00e9oriques et pratiques n\u00e9cessaires \u00e0 l\u2019utilisation de l\u2019approche ACT en psychoth\u00e9rapie.<br>A l\u2019issue de cette formation, les th\u00e9rapeutes pourront commencer \u00e0 utiliser les principes et les outils de l\u2019ACT dans leur pratique clinique, en tant qu\u2019intervention autonome, ou en combinaison avec d\u2019autres&nbsp;strat\u00e9gies th\u00e9rapeutiques qu\u2019ils utilisent d\u00e9j\u00e0, augmentant ainsi leurs possibilit\u00e9s de mieux intervenir aupr\u00e8s des personnes qui les consultent.<\/p>\n\n\n\n<p>Au cours de cette formation vous apprendrez sp\u00e9cifiquement :<br>\u2022 Les fondements th\u00e9oriques et scientifiques de l\u2019ACT (mod\u00e8le contextuel et th\u00e9orie des cadres relationnels \u2013 TCR \/RFT)<br>\u2022 Les 6 processus au coeur de L\u2019ACT (Hexaflex) et vous les experimenterez directement.<br>\u2022 Comment R\u00e9aliser l\u2019analyse fonctionnelle ACT de situations cliniques (Hexaflex, Matrice Act Box\u2026) pour la conceptualisation de la probl\u00e9matique et la d\u00e9livrance du traitement.<br>\u2022 Comment vous entra\u00eener en situations cliniques sc\u00e9naris\u00e9es , et \u00e0 partir de situations r\u00e9elles issues de votre pratique personnelle (intervision), pour vous approprier les outils, et impl\u00e9menter les strat\u00e9gies de l\u2019ACT dans votre pratique courante<br>Pour en savoir plus et vous inscrire :<\/p>\n\n\n\n<p><a href=\"https:\/\/www.irppsy.com\/index.php\/2021\/12\/06\/formation-act-start-en-ligne\/\" target=\"_blank\" rel=\"noreferrer noopener\">Formation ACT START (NIV I) &nbsp;\u00e0 Distance les 27 &amp; 28 f\u00e9vrier 2023<\/a><\/p>\n\n\n\n<p><strong>ACT FLOW (Niv 2) \u2013 Les 20 &amp; 21 Mars 2023. Formation \u00e0 distance<br>Une formation unique en France depuis 2019 !<br>La formation ACT FLOW vise \u00e0 am\u00e9liorer la flexibilit\u00e9 du th\u00e9rapeute et de la pratique de l\u2019ACT<\/strong>, par une \u00e9valuation du th\u00e9rapeute de sa propre utilisation des processus de l\u2019ACT et un travail cibl\u00e9 sur les processus centraux de cette th\u00e9rapie. Cette formation est enrichie par les derniers d\u00e9veloppements de l\u2019ACT quant \u00e0 la th\u00e9rapie comportementale et cognitive bas\u00e9e sur les processus et les d\u00e9veloppements dus aux apports des sciences de l\u2019\u00e9volution.<br>Cette formation vise plus sp\u00e9cifiquement :<br>\u2022 Les aspects th\u00e9oriques de l\u2019ACT n\u00e9cessaires \u00e0 la flexibilisation du traitement (r\u00e9sum\u00e9s du mod\u00e8le contextuel &amp; de la th\u00e9orie des cadres relationnels -TCR, approche processuelle et \u00e9volutionniste, recherches sp\u00e9cifiques)<br>\u2022 Apr\u00e8s une \u00e9valuation personnelle, \u00e0 travailler en pratique d\u00e9lib\u00e9r\u00e9e , au seuil de ses capacit\u00e9s, les diff\u00e9rents processus de l\u2019ACT. Pour s\u2019entrainer en situations cliniques sc\u00e9naris\u00e9es, et \u00e0 partir de situations r\u00e9elles issues de la pratique personnelle (intervision), et d\u00e9velopper de nouvelles comp\u00e9tences<br>\u2022A Mobiliser les diff\u00e9rents processus de l\u2019ACT de mani\u00e8re naturelle dans l\u2019interaction th\u00e9rapeutique.<\/p>\n\n\n\n<p>Pour en savoir Plus et vous inscrire :<\/p>\n\n\n\n<p><a href=\"https:\/\/www.irppsy.com\/index.php\/2021\/12\/06\/formation-act-flow\/\" target=\"_blank\" rel=\"noreferrer noopener\">Formation ACT FLOW (NIV II) &nbsp;\u00e0 Distance les 20 &amp; 21 Mars 2023<\/a><\/p>\n\n\n\n<p><\/p>\n\n\n\n<p><span style=\"text-decoration: underline;\"><strong>IMPORTANT : Parcours de formation et Principe de non certification ACT<\/strong><\/span><\/p>\n\n\n\n<hr class=\"wp-block-separator has-alpha-channel-opacity\"\/>\n\n\n\n<p>Il n\u2019existe pas de certification \u00e0 l\u2019ACT reconnue par l\u2019association ACBS (https:\/\/contextualscience.org\/),&nbsp;qui regroupe la communaut\u00e9 ACT et les principaux formateurs.<\/p>\n\n\n\n<p>Ce principe de non certification \u00e0 l\u2019ACT est essentiel, c\u2019est pourquoi nous avons d\u00e9cid\u00e9 d\u2019adosser \u00e0 nos formations une grille de niveau pour aider les praticiens \u00e0 s\u2019y retrouver et \u00e0 faire leur choix, comme c\u2019est souvent les cas dans les formations \u00e0 l\u2019international.<\/p>\n\n\n\n<p><strong>Le niveau 1 (D\u00e9butant)&nbsp;<\/strong>est destin\u00e9 aux praticiens n\u2019ayant pas suivi de formation \u00e0 l\u2019ACT.<\/p>\n\n\n\n<p><strong>Le niveau 2 (Interm\u00e9diaire)&nbsp;<\/strong>est destin\u00e9 aux praticiens qui ont d\u00e9j\u00e0 suivi une formation \u00e0 l\u2019ACT et qui ont commenc\u00e9 \u00e0 l\u2019utiliser dans leurs pratiques.<\/p>\n\n\n\n<p><strong>Le niveau 3 (Avanc\u00e9)<\/strong>&nbsp;est destin\u00e9 aux praticiens qui ont d\u00e9j\u00e0 suivi plusieurs formations \u00e0 l\u2019ACT et qui utilisent l\u2019ACT dans leur travail.<\/p>\n\n\n\n<p>Certaines formations ou modules peuvent contenir des informations correspondant \u00e0 plusieurs niveaux (ex : Interm\u00e9diaire \/avanc\u00e9). Dans ce cas , l\u2019apprentissage sera progressif sur le module.<\/p>\n\n\n\n<p>La formation ACT SANTE est \u00e0 la fois destin\u00e9e aux praticiens m\u00e9dicaux et para-m\u00e9dicaux (ainsi qu\u2019aux psychoth\u00e9rapeutes accompagnant les probl\u00e9matiques de sant\u00e9) en tant que module initial, ou module compl\u00e9mentaire pour ceux qui ont suivi la formation ACT START.<\/p>\n\n\n\n<p>Le sch\u00e9ma ci-dessous r\u00e9capitule le parcours de formation de l\u2019IRPPSY.<\/p>\n\n\n\n<figure class=\"wp-block-image\"><a href=\"https:\/\/www.irppsy.com\/wp-content\/uploads\/2021\/12\/PDF-Catalogue-de-formations-2019-2020-VDEF-4.png\"><img loading=\"lazy\" decoding=\"async\" width=\"595\" height=\"841\" src=\"https:\/\/www.irppsy.com\/wp-content\/uploads\/2021\/12\/PDF-Catalogue-de-formations-2019-2020-VDEF-4.png\" alt=\"Parcours formation IRPPSY\" class=\"wp-image-905\" srcset=\"https:\/\/www.irppsy.com\/wp-content\/uploads\/2021\/12\/PDF-Catalogue-de-formations-2019-2020-VDEF-4.png 595w, https:\/\/www.irppsy.com\/wp-content\/uploads\/2021\/12\/PDF-Catalogue-de-formations-2019-2020-VDEF-4-212x300.png 212w\" sizes=\"auto, (max-width: 595px) 100vw, 595px\" \/><\/a><\/figure>\n\n\n\n<hr class=\"wp-block-separator has-alpha-channel-opacity\"\/>\n\n\n\n<hr class=\"wp-block-separator has-alpha-channel-opacity\"\/>\n","protected":false},"excerpt":{"rendered":"<p>FORMATIONS &amp; WEBINARS GRATUITS Les webinaires gratuits&nbsp;relatifs aux prochaines sessions sont affich\u00e9s sur la page linkedin &nbsp;: https:\/\/www.linkedin.com\/company\/irppsy-formation-psychologie\/ Les prochaines formations ACT dispens\u00e9es \u00e0 l\u2019IRPPSY : ACT START (Niv 1) \u2013 Les 27 &amp; 28 F\u00e9vrier 2023 \u2013 Formation \u00e0 distanceVous souhaitez commencer \u00e0 pratiquer l\u2019ACT et \u00eatre guid\u00e9 dans votre apprentissage ?&nbsp;La formation originale &hellip; <\/p>\n<p class=\"link-more\"><a href=\"https:\/\/www.irppsy.com\/index.php\/formations-a-lact\/\" class=\"more-link\">Continuer la lecture<span class=\"screen-reader-text\"> de &laquo;&nbsp;Formations \u00e0 L\u2019Act&nbsp;&raquo;<\/span><\/a><\/p>\n","protected":false},"author":1,"featured_media":0,"parent":0,"menu_order":0,"comment_status":"closed","ping_status":"closed","template":"","meta":{"footnotes":""},"class_list":["post-1178","page","type-page","status-publish","hentry"],"_links":{"self":[{"href":"https:\/\/www.irppsy.com\/index.php\/wp-json\/wp\/v2\/pages\/1178","targetHints":{"allow":["GET"]}}],"collection":[{"href":"https:\/\/www.irppsy.com\/index.php\/wp-json\/wp\/v2\/pages"}],"about":[{"href":"https:\/\/www.irppsy.com\/index.php\/wp-json\/wp\/v2\/types\/page"}],"author":[{"embeddable":true,"href":"https:\/\/www.irppsy.com\/index.php\/wp-json\/wp\/v2\/users\/1"}],"replies":[{"embeddable":true,"href":"https:\/\/www.irppsy.com\/index.php\/wp-json\/wp\/v2\/comments?post=1178"}],"version-history":[{"count":3,"href":"https:\/\/www.irppsy.com\/index.php\/wp-json\/wp\/v2\/pages\/1178\/revisions"}],"predecessor-version":[{"id":1214,"href":"https:\/\/www.irppsy.com\/index.php\/wp-json\/wp\/v2\/pages\/1178\/revisions\/1214"}],"wp:attachment":[{"href":"https:\/\/www.irppsy.com\/index.php\/wp-json\/wp\/v2\/media?parent=1178"}],"curies":[{"name":"wp","href":"https:\/\/api.w.org\/{rel}","templated":true}]}}