{"id":2,"date":"2017-02-03T16:38:43","date_gmt":"2017-02-03T15:38:43","guid":{"rendered":"http:\/\/www.irppsy.com\/?page_id=2"},"modified":"2023-01-13T18:34:44","modified_gmt":"2023-01-13T17:34:44","slug":"nform","status":"publish","type":"page","link":"https:\/\/www.irppsy.com\/index.php\/nform\/","title":{"rendered":"Formations &#038; Webinars gratuits"},"content":{"rendered":"\n<p><strong>Les webinaires gratuits<\/strong> relatifs aux prochaines sessions sont affich\u00e9s sur la page linkedin &nbsp;:<\/p>\n\n\n\n<p><img loading=\"lazy\" decoding=\"async\" width=\"51\" height=\"51\" src=\"https:\/\/www.irppsy.com\/wp-content\/uploads\/2021\/12\/D1B5B12D-9C6D-40F1-B7CF-5DF3C3248544-e1673273232567.png\" alt=\"Profil linkedin Christophe CAZAUVIEILH\">&nbsp;<\/p>\n\n\n\n<p><a href=\"https:\/\/www.linkedin.com\/company\/irppsy-formation-psychologie\/\">https:\/\/www.linkedin.com\/company\/irppsy-formation-psychologie\/<\/a><\/p>\n\n\n\n<p><\/p>\n\n\n\n<figure class=\"wp-block-image size-large\"><img loading=\"lazy\" decoding=\"async\" width=\"1024\" height=\"577\" src=\"https:\/\/www.irppsy.com\/wp-content\/uploads\/2023\/01\/IRPPSY-TRAINING-Facebook-Cover-1024x577.png\" alt=\"\" class=\"wp-image-1194\" srcset=\"https:\/\/www.irppsy.com\/wp-content\/uploads\/2023\/01\/IRPPSY-TRAINING-Facebook-Cover-1024x577.png 1024w, https:\/\/www.irppsy.com\/wp-content\/uploads\/2023\/01\/IRPPSY-TRAINING-Facebook-Cover-300x169.png 300w, https:\/\/www.irppsy.com\/wp-content\/uploads\/2023\/01\/IRPPSY-TRAINING-Facebook-Cover-768x433.png 768w, https:\/\/www.irppsy.com\/wp-content\/uploads\/2023\/01\/IRPPSY-TRAINING-Facebook-Cover-1536x865.png 1536w, https:\/\/www.irppsy.com\/wp-content\/uploads\/2023\/01\/IRPPSY-TRAINING-Facebook-Cover.png 1640w\" sizes=\"auto, (max-width: 706px) 89vw, (max-width: 767px) 82vw, 740px\" \/><\/figure>\n\n\n<p><strong>Les prochaines formations dispens\u00e9es \u00e0 l&rsquo;IRPPSY :<\/strong><\/p>\n<div>\n<p><strong>FIT START &#8211; Le Mardi 21 f\u00e9vrier 2023 &#8211; Formation \u00e0 distance<\/strong><br \/><strong>La formation FIT START vise \u00e0 enseigner les principaux r\u00e9sultats de la recherche sur l\u2019efficacit\u00e9 des psychoth\u00e9rapies et la mise en pratique de la m\u00e9thode du suivi en continu des patients\/clients<\/strong>, permettant d\u2019augmenter l\u2019efficacit\u00e9 clinique et plus sp\u00e9cifiquement \u00e0 :<\/p>\n<p>\u2022 Conna\u00eetre les principaux r\u00e9sultats de la litt\u00e9rature sur l&rsquo;efficacit\u00e9 de la psychoth\u00e9rapie, l\u2019excellence clinique et le d\u00e9veloppement de l\u2019expertise.<br \/>\u2022 Apprendre \u00e0 cr\u00e9er une culture du feedback, \u00e0 utiliser les \u00e9chelles ORS\/ SRS en pratique clinique courante, pour recueillir le feedback des clients quant aux r\u00e9sultats et \u00e0 l\u2019alliance th\u00e9rapeutique en continu et am\u00e9liorer la qualit\u00e9 des services.<br \/>\u2022 Apprendre \u00e0 analyser les r\u00e9ponses des patients afin de rep\u00e9rer les situations \u00e0 risque de mauvais r\u00e9sultats, de d\u00e9t\u00e9rioration ou d&rsquo;abandon de la th\u00e9rapie et y r\u00e9pondre fonctionnellement. Acqu\u00e9rir des m\u00e9thodes sp\u00e9cifiques pour booster la relation th\u00e9rapeutique.<\/p>\n<p>Pour en savoir, et vous inscrire :<\/p>\n<p><a href=\"https:\/\/www.irppsy.com\/index.php\/2021\/03\/08\/formation-feedback-informed-treatment-fit-start\/\" target=\"_blank\" rel=\"noopener\">Formation FEEDBACK INFORMED TREATMENT FIT START \u00a0\u00e0 Distance Le Mardi 21 f\u00e9vrier 2023<\/a><\/p>\n<p>\u00a0<\/p>\n<p><b>ACT START (Niv 1) &#8211; Les 27 &amp; 28 F\u00e9vrier 2023 &#8211; Formation \u00e0 distance<\/b><br \/><b>Vous souhaitez commencer \u00e0 pratiquer l\u2019ACT et \u00eatre guid\u00e9 dans votre apprentissage ? <\/b>La formation originale ACT START vise \u00e0 enseigner les bases th\u00e9oriques et pratiques n\u00e9cessaires \u00e0 l\u2019utilisation de l\u2019approche ACT en psychoth\u00e9rapie.<br \/>A l\u2019issue de cette formation, les th\u00e9rapeutes pourront commencer \u00e0 utiliser les principes et les outils de l\u2019ACT dans leur pratique clinique, en tant qu\u2019intervention autonome, ou en combinaison avec d\u2019autres\u00a0<span style=\"font-size: revert;\">strat\u00e9gies th\u00e9rapeutiques qu\u2019ils utilisent d\u00e9j\u00e0, augmentant ainsi leurs possibilit\u00e9s de mieux intervenir aupr\u00e8s des personnes qui les consultent.<\/span><\/p>\n<p>Au cours de cette formation vous apprendrez sp\u00e9cifiquement :<br \/>\u2022 Les fondements th\u00e9oriques et scientifiques de l\u2019ACT (mod\u00e8le contextuel et th\u00e9orie des cadres relationnels \u2013 TCR \/RFT)<br \/>\u2022 Les 6 processus au coeur de L\u2019ACT (Hexaflex) et vous les experimenterez directement.<br \/>\u2022 Comment R\u00e9aliser l\u2019analyse fonctionnelle ACT de situations cliniques (Hexaflex, Matrice Act Box&#8230;) pour la conceptualisation de la probl\u00e9matique et la d\u00e9livrance du traitement.<br \/>\u2022 Comment vous entra\u00eener en situations cliniques sc\u00e9naris\u00e9es , et \u00e0 partir de situations r\u00e9elles issues de votre pratique personnelle (intervision), pour vous approprier les outils, et impl\u00e9menter les strat\u00e9gies de l\u2019ACT dans votre pratique courante<br \/>Pour en savoir plus et vous inscrire :<\/p>\n<p><a href=\"https:\/\/www.irppsy.com\/index.php\/2021\/12\/06\/formation-act-start-en-ligne\/\" target=\"_blank\" rel=\"noopener\">Formation ACT START (NIV I) \u00a0\u00e0 Distance les 27 &amp; 28 f\u00e9vrier 2023<\/a><\/p>\n<p>\u00a0<\/p>\n<p><b>ACT FLOW (Niv 2) &#8211; Les 20 &amp; 21 Mars 2023. Formation \u00e0 distance<br \/>Une formation unique en France depuis 2019 !<br \/>La formation ACT FLOW vise \u00e0 am\u00e9liorer la flexibilit\u00e9 du th\u00e9rapeute et de la pratique de l\u2019ACT<\/b>, par une \u00e9valuation du th\u00e9rapeute de sa propre utilisation des processus de l\u2019ACT et un travail cibl\u00e9 sur les processus centraux de cette th\u00e9rapie. Cette formation est enrichie par les derniers d\u00e9veloppements de l\u2019ACT quant \u00e0 la th\u00e9rapie comportementale et cognitive bas\u00e9e sur les processus et les d\u00e9veloppements dus aux apports des sciences de l\u2019\u00e9volution.<br \/>Cette formation vise plus sp\u00e9cifiquement :<br \/>\u2022 Les aspects th\u00e9oriques de l\u2019ACT n\u00e9cessaires \u00e0 la flexibilisation du traitement (r\u00e9sum\u00e9s du mod\u00e8le contextuel &amp; de la th\u00e9orie des cadres relationnels -TCR, approche processuelle et \u00e9volutionniste, recherches sp\u00e9cifiques)<br \/>\u2022 Apr\u00e8s une \u00e9valuation personnelle, \u00e0 travailler en pratique d\u00e9lib\u00e9r\u00e9e , au seuil de ses capacit\u00e9s, les diff\u00e9rents processus de l\u2019ACT. Pour s\u2019entrainer en situations cliniques sc\u00e9naris\u00e9es, et \u00e0 partir de situations r\u00e9elles issues de la pratique personnelle (intervision), et d\u00e9velopper de nouvelles comp\u00e9tences<br \/><span style=\"font-size: revert;\">\u2022A Mobiliser les diff\u00e9rents processus de l\u2019ACT de mani\u00e8re naturelle dans l\u2019interaction th\u00e9rapeutique.<\/span><\/p>\n<p>Pour en savoir Plus et vous inscrire :<\/p>\n<p><a href=\"https:\/\/www.irppsy.com\/index.php\/2021\/12\/06\/formation-act-flow\/\" target=\"_blank\" rel=\"noopener\">Formation ACT FLOW (NIV II) \u00a0\u00e0 Distance les 20 &amp; 21 Mars 2023<\/a><\/p>\n<p><b><br \/>FIT Next &#8211; le lundi 24 avril 2023. Formation \u00e0 distance<\/b><br \/><b>Une Formation Feedback Informed Treatment avanc\u00e9e (niveau 2).<\/b><br \/><b>La suite de FIT START. Vous suivez en continu vos r\u00e9sultats et l\u2019alliance avec le syst\u00e8me PCOMS ou un autre syst\u00e8me de ROM ?<\/b><br \/><b>La formation FIT Next vise \u00e0 vous apprendre \u00e0 rep\u00e9rer et \u00e0 r\u00e9pondre aux situations \u00e0 risques de mauvais r\u00e9sultats et d\u2019abandon du traitement <\/b>psychoth\u00e9rapeutique, en analysant directement la r\u00e9ponse de vos patients\/ clients : les s\u00e9quences significatives de donn\u00e9es de r\u00e9sultats (changement) et d\u2019alliance th\u00e9rapeutique .<br \/>Au cours de cette formation vous apprendrez sp\u00e9cifiquement \u00e0 :<br \/>\u2022 Analyser la trajectoire du changement (ORS) et de l\u2019alliance th\u00e9rapeutique (SRS)<br \/>\u2022 Conna\u00eetre les principaux patterns d\u2019\u00e9volution des scores ORS et SRS (PCOMS, autres syst\u00e8mes).<br \/>\u2022 Utiliser la reconnaissance de ces patterns pour collaborer plus efficacement avec les patients\/clients (cr\u00e9er, r\u00e9parer et renforcer l\u2019Alliance th\u00e9rapeutique) et pour ajuster la strat\u00e9gie de soins (R\u00e9sultats).<br \/>Pour en savoir plus et vous inscrire :<\/p>\n<p><a href=\"https:\/\/www.irppsy.com\/index.php\/2023\/01\/09\/formation-fit-next\/\" target=\"_blank\" rel=\"noopener\">Formation Fit Next \u00e0 distance le lundi 24 avril 2023.<\/a><\/p>\n<p>\u00a0<\/p>\n<\/div>\n<div><span style=\"font-size: 14pt;\">IMPORTANT : Parcours de formation et Principe de non certification ACT<\/span><\/div>\n<div><hr \/><\/div>\n<div>\u00a0<\/div>\n<div>\u00a0<\/div>\n<div>\u00a0<\/div>\n<div>Il n&rsquo;existe pas de certification \u00e0 l&rsquo;ACT reconnue par l&rsquo;association ACBS (https:\/\/contextualscience.org\/),\u00a0qui regroupe la communaut\u00e9 ACT et les principaux formateurs.<\/div>\n<div>\u00a0<\/div>\n<div>Ce principe de non certification \u00e0 l&rsquo;ACT est essentiel, c&rsquo;est pourquoi nous avons d\u00e9cid\u00e9 d&rsquo;adosser \u00e0 nos formations une grille de niveau pour aider les praticiens \u00e0 s&rsquo;y retrouver et \u00e0 faire leur choix, comme c&rsquo;est souvent les cas dans les formations \u00e0 l&rsquo;international.<\/div>\n<div>\u00a0<\/div>\n<div>\u00a0<\/div>\n<div><strong>Le niveau 1 (D\u00e9butant) <\/strong>est destin\u00e9 aux praticiens n&rsquo;ayant pas suivi de formation \u00e0 l&rsquo;ACT.<\/div>\n<div><strong>Le niveau 2 (Interm\u00e9diaire) <\/strong>est destin\u00e9 aux praticiens qui ont d\u00e9j\u00e0 suivi une formation \u00e0 l&rsquo;ACT et qui ont commenc\u00e9 \u00e0 l&rsquo;utiliser dans leurs pratiques.<\/div>\n<div><strong>Le niveau 3 (Avanc\u00e9)<\/strong> est destin\u00e9 aux praticiens qui ont d\u00e9j\u00e0 suivi plusieurs formations \u00e0 l&rsquo;ACT et qui utilisent l&rsquo;ACT dans leur travail.<\/div>\n<div>\u00a0<\/div>\n<div>Certaines formations ou modules peuvent contenir des informations correspondant \u00e0 plusieurs niveaux (ex : Interm\u00e9diaire \/avanc\u00e9). Dans ce cas , l&rsquo;apprentissage sera progressif sur le module.<\/div>\n<div>\u00a0<\/div>\n<div>La formation ACT SANTE est \u00e0 la fois destin\u00e9e aux praticiens m\u00e9dicaux et para-m\u00e9dicaux (ainsi qu&rsquo;aux psychoth\u00e9rapeutes accompagnant les probl\u00e9matiques de sant\u00e9) en tant que module initial, ou module compl\u00e9mentaire pour ceux qui ont suivi la formation ACT START.<\/div>\n<div>\u00a0<\/div>\n<div>Le sch\u00e9ma ci-dessous r\u00e9capitule le parcours de formation de l&rsquo;IRPPSY.<\/div>\n<div>\u00a0<\/div>\n<div>\n<p><a href=\"https:\/\/www.irppsy.com\/wp-content\/uploads\/2021\/12\/PDF-Catalogue-de-formations-2019-2020-VDEF-4.png\"><img loading=\"lazy\" decoding=\"async\" class=\"size-full wp-image-905\" src=\"https:\/\/www.irppsy.com\/wp-content\/uploads\/2021\/12\/PDF-Catalogue-de-formations-2019-2020-VDEF-4.png\" alt=\"Parcours formation IRPPSY\" width=\"595\" height=\"841\" srcset=\"https:\/\/www.irppsy.com\/wp-content\/uploads\/2021\/12\/PDF-Catalogue-de-formations-2019-2020-VDEF-4.png 595w, https:\/\/www.irppsy.com\/wp-content\/uploads\/2021\/12\/PDF-Catalogue-de-formations-2019-2020-VDEF-4-212x300.png 212w\" sizes=\"auto, (max-width: 595px) 100vw, 595px\" \/><\/a><\/p>\n<\/div>\n<div>\u00a0<\/div>\n<div><hr \/><hr \/><\/div>\n<div>\u00a0<\/div>\n<div>\u00a0<\/div>\n<div>\u00a0<\/div>\n<div>\u00a0<\/div>\n<div>\u00a0<\/div>\n<div>\u00a0<\/div>","protected":false},"excerpt":{"rendered":"<p>Les webinaires gratuits relatifs aux prochaines sessions sont affich\u00e9s sur la page linkedin &nbsp;: &nbsp; https:\/\/www.linkedin.com\/company\/irppsy-formation-psychologie\/ Les prochaines formations dispens\u00e9es \u00e0 l&rsquo;IRPPSY : FIT START &#8211; Le Mardi 21 f\u00e9vrier 2023 &#8211; Formation \u00e0 distanceLa formation FIT START vise \u00e0 enseigner les principaux r\u00e9sultats de la recherche sur l\u2019efficacit\u00e9 des psychoth\u00e9rapies et la mise en &hellip; <\/p>\n<p class=\"link-more\"><a href=\"https:\/\/www.irppsy.com\/index.php\/nform\/\" class=\"more-link\">Continuer la lecture<span class=\"screen-reader-text\"> de &laquo;&nbsp;Formations &#038; Webinars gratuits&nbsp;&raquo;<\/span><\/a><\/p>\n","protected":false},"author":1,"featured_media":0,"parent":0,"menu_order":0,"comment_status":"closed","ping_status":"closed","template":"","meta":{"footnotes":""},"class_list":["post-2","page","type-page","status-publish","hentry"],"_links":{"self":[{"href":"https:\/\/www.irppsy.com\/index.php\/wp-json\/wp\/v2\/pages\/2","targetHints":{"allow":["GET"]}}],"collection":[{"href":"https:\/\/www.irppsy.com\/index.php\/wp-json\/wp\/v2\/pages"}],"about":[{"href":"https:\/\/www.irppsy.com\/index.php\/wp-json\/wp\/v2\/types\/page"}],"author":[{"embeddable":true,"href":"https:\/\/www.irppsy.com\/index.php\/wp-json\/wp\/v2\/users\/1"}],"replies":[{"embeddable":true,"href":"https:\/\/www.irppsy.com\/index.php\/wp-json\/wp\/v2\/comments?post=2"}],"version-history":[{"count":37,"href":"https:\/\/www.irppsy.com\/index.php\/wp-json\/wp\/v2\/pages\/2\/revisions"}],"predecessor-version":[{"id":1209,"href":"https:\/\/www.irppsy.com\/index.php\/wp-json\/wp\/v2\/pages\/2\/revisions\/1209"}],"wp:attachment":[{"href":"https:\/\/www.irppsy.com\/index.php\/wp-json\/wp\/v2\/media?parent=2"}],"curies":[{"name":"wp","href":"https:\/\/api.w.org\/{rel}","templated":true}]}}