{"id":582,"date":"2019-09-19T18:41:40","date_gmt":"2019-09-19T16:41:40","guid":{"rendered":"https:\/\/www.irppsy.com\/?page_id=582"},"modified":"2023-01-13T18:40:42","modified_gmt":"2023-01-13T17:40:42","slug":"accueil","status":"publish","type":"page","link":"https:\/\/www.irppsy.com\/index.php\/accueil\/","title":{"rendered":"Accueil"},"content":{"rendered":"<p><strong><span style=\"font-size: 14pt;\">Bienvenue sur le site de l&rsquo;IRPPSY,<\/span><\/strong><\/p>\n<p><strong>Les professionnels du soin peuvent consulter la section d\u00e9di\u00e9e au sessions de formation professionnelle continue<\/strong>, l&rsquo;IRPPSY est un organisme de formation enregistr\u00e9e aupr\u00e8s de la pr\u00e9fecture de la Nouvelle Aquitaine &nbsp;et inscrit au r\u00e9pertoire du Datadock.<\/p>\n<p><a href=\"https:\/\/www.irppsy.com\/index.php\/accueil\/picto_datadocke-2\/\" rel=\"attachment wp-att-583\"><img loading=\"lazy\" decoding=\"async\" class=\"size-thumbnail wp-image-583\" src=\"https:\/\/www.irppsy.com\/wp-content\/uploads\/2019\/09\/Picto_datadocke-2-150x150.png\" alt=\"Datadock\" width=\"150\" height=\"150\" srcset=\"https:\/\/www.irppsy.com\/wp-content\/uploads\/2019\/09\/Picto_datadocke-2-150x150.png 150w, https:\/\/www.irppsy.com\/wp-content\/uploads\/2019\/09\/Picto_datadocke-2-70x70.png 70w, https:\/\/www.irppsy.com\/wp-content\/uploads\/2019\/09\/Picto_datadocke-2-125x125.png 125w\" sizes=\"auto, (max-width: 150px) 100vw, 150px\" \/><\/a><\/p>\n<p style=\"text-align: center;\"><strong>N&rsquo;h\u00e9sitez pas \u00e0 envoyer un premier e-mail de contact pour plus d&rsquo;informations, vous pouvez adresser un email \u00e0 l&rsquo;adresse ci-dessous en demandant \u00ab\u00a0Je souhaite&nbsp;<\/strong><span style=\"font-weight: 600;\">recevoir la newsletter\u00a0\u00bb pour \u00eatre ajout\u00e9(e) \u00e0 notre liste de diffusion.<\/span><a href=\"https:\/\/www.irppsy.com\/wp-content\/uploads\/2021\/12\/image-contact.png\"><img loading=\"lazy\" decoding=\"async\" class=\"wp-image-902 alignleft\" src=\"https:\/\/www.irppsy.com\/wp-content\/uploads\/2021\/12\/image-contact.png\" alt=\"\" width=\"365\" height=\"517\" srcset=\"https:\/\/www.irppsy.com\/wp-content\/uploads\/2021\/12\/image-contact.png 595w, https:\/\/www.irppsy.com\/wp-content\/uploads\/2021\/12\/image-contact-212x300.png 212w\" sizes=\"auto, (max-width: 365px) 100vw, 365px\" \/><\/a><\/p>\n\n\n<figure class=\"wp-block-image size-full is-resized\"><img loading=\"lazy\" decoding=\"async\" src=\"https:\/\/www.irppsy.com\/wp-content\/uploads\/2022\/07\/Tel-Irppsy-1.png\" alt=\"\" class=\"wp-image-1054\" width=\"101\" height=\"20\" srcset=\"https:\/\/www.irppsy.com\/wp-content\/uploads\/2022\/07\/Tel-Irppsy-1.png 304w, https:\/\/www.irppsy.com\/wp-content\/uploads\/2022\/07\/Tel-Irppsy-1-300x59.png 300w\" sizes=\"auto, (max-width: 101px) 100vw, 101px\" \/><\/figure>\n","protected":false},"excerpt":{"rendered":"<p>Bienvenue sur le site de l&rsquo;IRPPSY, Les professionnels du soin peuvent consulter la section d\u00e9di\u00e9e au sessions de formation professionnelle continue, l&rsquo;IRPPSY est un organisme de formation enregistr\u00e9e aupr\u00e8s de la pr\u00e9fecture de la Nouvelle Aquitaine &nbsp;et inscrit au r\u00e9pertoire du Datadock. N&rsquo;h\u00e9sitez pas \u00e0 envoyer un premier e-mail de contact pour plus d&rsquo;informations, vous &hellip; <\/p>\n<p class=\"link-more\"><a href=\"https:\/\/www.irppsy.com\/index.php\/accueil\/\" class=\"more-link\">Continuer la lecture<span class=\"screen-reader-text\"> de &laquo;&nbsp;Accueil&nbsp;&raquo;<\/span><\/a><\/p>\n","protected":false},"author":1,"featured_media":0,"parent":0,"menu_order":0,"comment_status":"closed","ping_status":"closed","template":"","meta":{"footnotes":""},"class_list":["post-582","page","type-page","status-publish","hentry"],"_links":{"self":[{"href":"https:\/\/www.irppsy.com\/index.php\/wp-json\/wp\/v2\/pages\/582","targetHints":{"allow":["GET"]}}],"collection":[{"href":"https:\/\/www.irppsy.com\/index.php\/wp-json\/wp\/v2\/pages"}],"about":[{"href":"https:\/\/www.irppsy.com\/index.php\/wp-json\/wp\/v2\/types\/page"}],"author":[{"embeddable":true,"href":"https:\/\/www.irppsy.com\/index.php\/wp-json\/wp\/v2\/users\/1"}],"replies":[{"embeddable":true,"href":"https:\/\/www.irppsy.com\/index.php\/wp-json\/wp\/v2\/comments?post=582"}],"version-history":[{"count":9,"href":"https:\/\/www.irppsy.com\/index.php\/wp-json\/wp\/v2\/pages\/582\/revisions"}],"predecessor-version":[{"id":1206,"href":"https:\/\/www.irppsy.com\/index.php\/wp-json\/wp\/v2\/pages\/582\/revisions\/1206"}],"wp:attachment":[{"href":"https:\/\/www.irppsy.com\/index.php\/wp-json\/wp\/v2\/media?parent=582"}],"curies":[{"name":"wp","href":"https:\/\/api.w.org\/{rel}","templated":true}]}}